 a be l(-1). What are the prime factors of c(a)?
3, 11
Let p(v) = -8*v - 9. List the prime factors of p(-6).
3, 13
What are the prime factors of -146*(-1)/6*3?
73
Suppose -1090 = -4*d - 3*n, -n = -2*d - 6*n + 552. What are the prime factors of d?
271
Suppose 2*z = 5*v + 12, -2 = -z - 3*v - 18. What are the prime factors of (-8)/(1*(z - -2))?
2
List the prime factors of (-365)/(-30) - (-2)/(-12).
2, 3
Suppose 0 = -6*f - 0*f + 642. List the prime factors of f.
107
Suppose 22 = -i + 3*i. List the prime factors of 6*5 - (9 - i).
2
Let m = 15 - -25. What are the prime factors of m?
2, 5
Suppose 0 = -5*q + 4*a, 3*a + 2*a = -4*q. Suppose 0*b + 4*b - 200 = q. What are the prime factors of b?
2, 5
Let h(t) = t**3 - 6*t**2 - t + 4. Let f be h(6). Let d = f - -4. Suppose 0 = -d*i - 2*i + 48. List the prime factors of i.
2, 3
Let f = -10 - -12. Suppose -5 = f*n - 11. List the prime factors of n.
3
Let r = -12 + 17. Let o be (0 - 42/15)*r. Let h = -9 - o. What are the prime factors of h?
5
Suppose i - 2*s = 3*i + 6, s = -2. Let h = 14 + i. What are the prime factors of h?
13
Suppose 3*f - 29 = 43. List the prime factors of f.
2, 3
Suppose 3*r - 2*r - 176 = 0. List the prime factors of r.
2, 11
Let j = -9 - -199. List the prime factors of j.
2, 5, 19
Let r be 6/(-18)*3/(-1). List the prime factors of (1 + r)*2*1.
2
Let m(b) = -b + 5. Suppose -34 = 5*u + 2*z, z = -z - 4. What are the prime factors of m(u)?
11
Suppose -8*m - m = -171. List the prime factors of m.
19
Let n(j) = -19*j + 1. List the prime factors of n(-1).
2, 5
Let c = -13 + 17. Suppose -2*t + 93 = -5*w, c*t - 3*w = 27 + 124. What are the prime factors of t?
2, 17
Let t(d) = 4 + d**3 + 7*d**2 - 6*d - 2*d**2 - 2. Let s = 9 + -15. What are the prime factors of t(s)?
2
Suppose 2*u = 4*s - 22, 3 = 2*s + u - 18. Let b(d) = 3 - s*d + 7*d**2 + 0*d - d**2 + d**3. What are the prime factors of b(-7)?
2, 5
Let u = -521 - -877. List the prime factors of u.
2, 89
Let c(y) = y**2 + 3*y + 2. List the prime factors of c(-3).
2
Suppose -16*n = -1493 - 1531. What are the prime factors of n?
3, 7
Let n be 18/4*2/3. Suppose -4*d + n = -3*d. What are the prime factors of d?
3
Suppose f = 3*f + 126. Let v = -37 - f. List the prime factors of v.
2, 13
What are the prime factors of 134/((2 - 0)/1)?
67
Let n(r) = -r**2 - r + 3. Let p be n(-3). What are the prime factors of -3*4/p + 3?
7
Suppose 400 = 10*b - 6*b. List the prime factors of b.
2, 5
Let b = -1 - -3. Suppose b*h = -3*j - j + 72, j - 19 = -h. Suppose 3*d - d = l + 23, -3*d = 2*l - j. What are the prime factors of d?
3
Let p be (-2 - (-2)/6)*-3. Suppose -4*i = -8*i + 16. Suppose 4*m - 7 - 38 = -p*q, -i*m - 27 = -3*q. What are the prime factors of q?
3
Let d(w) = -4*w - 1. Let y be d(-3). Let m = -7 + y. What are the prime factors of m?
2
Suppose 0 = 4*b - 218 - 98. List the prime factors of b.
79
Suppose 2*v - 420 = -3*v. List the prime factors of v.
2, 3, 7
List the prime factors of (-37)/(-5) - (32/20)/4.
7
Let i(x) = 5*x. Let c be i(1). Let a = c + -3. Suppose a + 1 = w. What are the prime factors of w?
3
Let r(d) = d**2 + 7*d + 9. Let n be -6 - (-3)/(-6)*2. List the prime factors of r(n).
3
Let f(l) = l**2 + 5*l - 34. What are the prime factors of f(-14)?
2, 23
Suppose 2*d - 6 = -0*d. Suppose -q - d*y = q - 7, -4*y = 4. Suppose t = -n + 2*t + q, -3*t = 3*n - 9. What are the prime factors of n?
2
Suppose 3*x - 61 = 5*w, x + x + 3*w - 9 = 0. Suppose -3*i - i = c - 4, 5*i - 3*c + x = 0. Suppose i = -2*a + 4. List the prime factors of a.
2
Suppose 5*m = 5, -2*c - 3 + 2 = -m. Suppose c = -f - 3*f + 56. What are the prime factors of f?
2, 7
Let a(v) = 9*v. What are the prime factors of a(4)?
2, 3
What are the prime factors of 287/3 + (-40)/(-12) + -4?
5, 19
Let o be 2 - 4/(4/7). List the prime factors of o + 3 - (1 - 27).
2, 3
Let c = 1 - 0. Let t(g) = g - 5 + 3 + 3. List the prime factors of t(c).
2
Let c be 14/6 + (-2)/6. List the prime factors of -3*(104/(-12))/c.
13
Suppose 0 = 3*b + 2*b - 5. List the prime factors of b/(-3) + (-340)/(-12).
2, 7
Let m = 93 - 61. List the prime factors of m.
2
Let p(l) be the first derivative of l**3/3 - 8*l**2 + 19*l - 8. List the prime factors of p(16).
19
Suppose 0 = k - 0*k - 27. Let m be (k/6)/(-3)*-2. Suppose -m*i + 59 = 23. What are the prime factors of i?
2, 3
Suppose 7*k = 10*k + g - 602, k - 2*g = 210. List the prime factors of k.
2, 101
Let o = -19 - -50. Suppose 2*t + 19 = -o. List the prime factors of t*((-16)/(-10) + -2).
2, 5
Let b(z) = z**2 - z + 9. List the prime factors of b(4).
3, 7
Suppose 43 + 17 = -5*j. Let n be (-9)/(-15) + j/20. Let k = 6 + n. What are the prime factors of k?
2, 3
Suppose 0 = -5*v + v + 88. Let z = 32 - v. What are the prime factors of z?
2, 5
Let p = 4 - -24. List the prime factors of p.
2, 7
Suppose 5*s = 5*g + 260, g + 0*g + 164 = 3*s. Suppose k = 5*m - s, -2*m + 17 + 3 = -k. What are the prime factors of m?
2, 3
Let c = 2 - -2. Suppose -c = -k + 2. List the prime factors of k.
2, 3
Let v = -2 + 20. Suppose 0*f = -2*f + v. What are the prime factors of f?
3
Let a be 5/((-30)/8)*-6. Suppose 3*o = -o + a. Suppose -4*b = -o*z + 6, -5*z = 2*b + 2*b - 29. List the prime factors of z.
5
Let u(n) = -4*n**3 + n**2 + 2*n - 8. Let x(j) = j**3 - j. Let b(d) = -u(d) - 3*x(d). Let p be (5 + -5)*(-2)/(-2). List the prime factors of b(p).
2
Suppose 2*t = 2*r - 72, -4*r = -3*r - 5*t - 24. List the prime factors of r.
3, 13
Let k(b) = b**3 + 4*b**2 + 2*b + 2. Suppose 3*v - 1 + 10 = 0. Let g be k(v). Suppose d - g*d = -52. List the prime factors of d.
13
Let m(y) = -y**2 - 3*y + 4. Let l be m(-3). Suppose 10 - 2 = l*v. List the prime factors of v.
2
Suppose 3*o - 19 = 71. List the prime factors of o.
2, 3, 5
Let y = 128 + -60. Let h be (-4)/(-6) - y/12. Let b = 4 - h. What are the prime factors of b?
3
Let u(o) be the third derivative of o**5/60 + o**4/8 + o**3/3 + 4*o**2. List the prime factors of u(-7).
2, 3, 5
What are the prime factors of ((-1065)/(-25))/(4/20)?
3, 71
Suppose 408 = 4*r + 3*h, -h = -2*h - 4. List the prime factors of r.
3, 5, 7
Suppose 0 = -7*b + 717 - 185. What are the prime factors of b?
2, 19
Let f = 229 + -126. List the prime factors of f.
103
Suppose -5*z = -z + 5*w - 45, w - 25 = -4*z. Suppose 2*t + 4*p = t + 19, z*t - 185 = -2*p. What are the prime factors of t?
3, 13
Let x = 41 - 22. What are the prime factors of x?
19
Suppose -3*w + 4 = -5*y, -4*y + 20 - 7 = 3*w. Suppose 39 = 2*z + 3*z - 2*r, -w*z - 5*r = -42. Let u = 18 - z. List the prime factors of u.
3
Suppose 0 = -5*s + 166 + 564. What are the prime factors of s?
2, 73
Suppose 0 = -3*s + 3*c - 30, -c - c - 34 = 4*s. Let h = s - -38. What are the prime factors of h?
29
Let p(q) be the first derivative of -q**4/12 + 3*q**3/2 + 11*q**2/2 - 2*q - 2. Let i(n) be the first derivative of p(n). List the prime factors of i(9).
11
Suppose -4*n = -4*b - 0*n + 128, 131 = 4*b - 3*n. List the prime factors of b.
5, 7
Let o(s) = s**2 - 6*s + 5. Let u be o(5). Let q be (-10 + 2)*21/(-12). Suppose u = -4*i + 6 + q, 3*k - i = 13. What are the prime factors of k?
2, 3
Let a = -12 + 37. What are the prime factors of a?
5
Let j(h) = 6*h - 4. List the prime factors of j(2).
2
Suppose 0 = 5*k + 2*c - 226, -2*k = -5*k + 3*c + 123. Suppose -6*m + k + 184 = 0. What are the prime factors of m?
2, 19
Let y = -38 + 15. Let z = y + 35. What are the prime factors of z?
2, 3
Suppose 0 = 5*z + 2*z - 238. What are the prime factors of z?
2, 17
Let h be (7 + -3)*-1 - 0. Let o = 31 - h. What are the prime factors of o?
5, 7
Suppose -s + 5*b - 35 = 0, 5*s - 5*b = s - 155. Let v = -22 - s. What are the prime factors of v?
2, 3
Let v = -3 - -13. Suppose -k - v = -2*k. List the prime factors of k.
2, 5
Let m(r) = 2*r**3 - 3*r**2 - 5*r + 6. List the prime factors of m(5).
2, 3, 13
Let p(z) = z + 3. Let n be p(9). Let f(r) = 3*r - 15. What are the prime factors of f(n)?
3, 7
Let o = -52 - -98. List the prime factors of o.
2, 23
What are the prime factors of (-1 - 1) + (-8)/(8/(-15))?
13
Let d = 9 - 9. Suppose d = -2*z + 10. Suppose -3*p - 4*m - 2 + 29 = 0, -4*m + 53 = z*p. List the prime factors of p.
13
Let o = 12 - -6. Let d = o + 5. What are the prime factors of d?
23
Let o be (-1)/((-15)/6)*15. Suppose 3*n + 3*y = o*y + 27, n = 2*y + 14. What are t